-2*x - z + 87. Suppose -2*m - m = 3*l - x, -75 = -5*m + 4*l. What is the tens digit of m?
1
Suppose 47*q - 5616 = 35*q. What is the units digit of q?
8
What is the hundreds digit of 3/(-9) - (-25046)/42?
5
Suppose -m - 1 = -5. Let f be 271/(-7) + m/(-14). Let h = 3 - f. What is the tens digit of h?
4
Suppose -3*b - 15 = -96. Let c = 9 - 6. Suppose -6*f + f - b = -c*d, 18 = 2*d + 5*f. What is the units digit of d?
9
What is the thousands digit of 2517 - (4/(4/(-7)) - -1)?
2
Let j = 7505 - 4947. What is the units digit of j?
8
What is the hundreds digit of (1 + (-10)/(-6))*(2 - -568)?
5
Suppose 23*x = 22*x - 4*o + 887, -4*o - 2629 = -3*x. What is the hundreds digit of x?
8
Suppose 4*b - 32 = -0*b. Suppose -s + b = -0. What is the units digit of s?
8
Let f(j) = 93*j**2 - 7*j + 5. What is the tens digit of f(2)?
6
Suppose 47 = -3*q + 227. Suppose -3*x = -5*d - q + 446, x + 155 = 2*d. What is the units digit of d?
9
Let f = 214 + 175. What is the units digit of f?
9
Suppose 0 = 3*f - 2113 - 812. What is the tens digit of f?
7
Suppose -30 - 82 = -7*a. Suppose 78 = f - a. What is the tens digit of f?
9
Suppose 5*w = 2*v + v - 32, 0 = -2*v - 2*w + 32. Suppose 558 = v*d - 11*d. What is the hundreds digit of d?
1
Suppose 0 = -z - 3*i + 94, -5*i = -5*z - 10*i + 470. Suppose -u + 98 = -2*p, 3*p = 2*u - u - z. What is the units digit of u?
6
Let t(q) = 294*q + 477. What is the hundreds digit of t(14)?
5
Let k(q) = 78*q - 3. What is the units digit of k(9)?
9
Let q(p) = 1. Let d(s) = -9*s**2 + 3*s + 1. Let t(v) = -d(v) + 2*q(v). What is the units digit of t(3)?
3
Suppose -1269 = -3*a + 849. What is the hundreds digit of a?
7
What is the tens digit of ((-22333)/92)/(2/(-8))?
7
Let v(f) be the first derivative of -11*f**2/2 + 2. What is the units digit of v(-7)?
7
Let b(u) = -u**2 - 12*u + 26. Suppose -m + 1 = -2, 2*y + 3*m = -13. What is the units digit of b(y)?
7
Let c = -66 + 67. What is the hundreds digit of c*274 + (8 - 3 - 8)?
2
Let f be (2 + (-5)/2)*(-1540)/11. Suppose -f = -4*p + 3*d, p + 0*d - 22 = 3*d. What is the units digit of p?
6
Let v = -1547 + 4854. What is the tens digit of v?
0
Let o(a) = a**3 + 1. Let n(q) = 10*q**3 - 7*q**2 - 3*q - 1. Let r(m) = -n(m) - 4*o(m). What is the tens digit of r(-2)?
3
Let i(n) = n**2 - n + 93. Let f = -14 - -14. Let l be i(f). What is the units digit of (20/30)/(2/l)?
1
Let s(y) = y**2 + 14*y - 2. Let w be s(-14). Let o = 9 + w. What is the units digit of (-52)/(-14) - (-2)/o?
4
Let v be (4/(-6))/((-4)/(-18)). Let r = 1 - v. Suppose -15 = -r*g + 53. What is the tens digit of g?
1
Suppose m - 109 = -3*x, m + 198 = 3*m + x. Let g(a) = -a**3 + a**2 + 5*a + 10. Let s be g(5). Let w = m + s. What is the units digit of w?
2
What is the hundreds digit of (-6243)/(-5) - (-8 - 342/(-45))?
2
Suppose q = 2*i - 147, -i + 5*q + 65 = 5. Let g = 118 - i. What is the units digit of g?
3
Let z be (9/15)/(-2 + 22/10). Suppose -3*w - 3*r = -321, -2*r + z*r + 99 = w. What is the hundreds digit of w?
1
Let t(n) = -11*n + 16. Let l be t(-6). Let f = -22 + l. What is the tens digit of f?
6
Let a(v) = 5*v + 7. Let f(t) = t. Let c(z) = a(z) - 6*f(z). Let l be c(7). What is the units digit of -2 - (-4 - (15 + l))?
7
Let k(t) be the third derivative of -t**3 + 0*t + 0 + 4*t**2 + 11/24*t**4 - 1/60*t**5. What is the units digit of k(7)?
2
Let v(j) = j + 8. Let a = 9 + -8. Let r be 2 + -3 + a*-6. What is the units digit of v(r)?
1
Let z = 142 + -140. Let q be (-4)/6*6/(-1). Suppose -z*i - 3*n + 33 = 0, -8 = -2*i + q*n + 4. What is the tens digit of i?
1
Let r(a) = 33*a + 3. What is the units digit of r(12)?
9
Suppose -3*w - 17*u + 5197 = -12*u, -w + 3*u = -1723. What is the tens digit of w?
2
Let a = 72 - -294. What is the hundreds digit of a?
3
Suppose 0 = 3*k - 12, a + 4*k = 357 + 86. Suppose 5*c + a = 3*l, -3*l - 4*c - 170 + 606 = 0. What is the tens digit of l?
4
Suppose 3*n - 1207 = -4*b + 43, 0 = n - b - 426. What is the tens digit of n?
2
Let z be -1*5*20/(-4 - -8). Let u = 34 + z. What is the units digit of u?
9
Let d(b) = 5*b**2 - 4*b + 3. Let m = -12 + 12. Let h = 2 + m. What is the tens digit of d(h)?
1
Let f = -484 - -145. Let w = 590 + f. What is the tens digit of w?
5
Let v be ((-10)/8)/((-2)/8). Suppose 3*r + v*a - 3*a = -7, 3*a = -2*r - 8. Let t = r - -4. What is the units digit of t?
3
Let j(b) be the first derivative of 2*b**3/3 + 6*b**2 + b + 38. What is the units digit of j(-6)?
1
Let p(a) = -a**3 + 13*a**2 - 39*a - 16. Let c be p(8). Let o be -16*(-9)/8*2. Let h = o + c. What is the tens digit of h?
2
Suppose 5*g = 299 + 166. What is the units digit of (g - -1)*(-3)/(-6)?
7
Let m(u) = -u**3 + 3*u**2 + 5*u - 1. Let d be m(4). Suppose 2*t + 3*t = -10, -d*t = 3*j - 186. What is the units digit of j?
4
Suppose -f + 8 = 5. Suppose -8 - 3 = -f*s + 2*b, b = -2*s + 5. What is the units digit of (-18)/(-54) - (-215)/s?
2
Suppose 2*i - 5*i = -2*t - 16, -20 = 4*t. Let c(s) = 27*s**3 + 4*s - 2. What is the tens digit of c(i)?
2
Let f(v) = -3*v**2 + 2*v + 2. Suppose i - m + 3 = 4, 0 = 2*m - 4. Let l be f(i). Let y = l + 36. What is the tens digit of y?
1
Suppose v = -16*j + 11*j + 1471, 3*v = -5*j + 4423. What is the units digit of v?
6
Suppose 104*w - 3120 = 94*w. What is the units digit of w?
2
Suppose -2*x = -2*m - 782, -m - 2*x = -6*x + 391. What is the tens digit of (-18)/(-126) + m/(-7)?
5
Let q(m) = -17*m + 64 + 72 - 132. What is the tens digit of q(-3)?
5
What is the thousands digit of ((-66)/5)/(5802/(-580) + 10)?
3
Suppose -5*f + 8638 = -c - 3418, -5*c = 3*f - 7256. What is the units digit of f?
2
Let q(w) = 50*w - 30. What is the hundreds digit of q(24)?
1
Let y(l) = l**3 - l**2 - l. Let w be y(2). Suppose 0 = -w*d - 3*d + 25. Suppose -d*c + 0*c = -175. What is the units digit of c?
5
Suppose 0 = -116*r + 114*r + 432. What is the hundreds digit of r?
2
Let q(r) = 2 - 5*r - 2*r**3 - 4*r**2 + r - r**2. What is the tens digit of q(-4)?
6
Let n = 19609 + -13862. What is the units digit of n?
7
Let n = 530 - -124. What is the hundreds digit of n?
6
Let q(k) = k**3 + 14*k**2 - 12*k + 22. Let t be q(-15). Let d = 16 + t. Let r = d + 15. What is the units digit of r?
8
Suppose 5*n + 80 = -2*t + 760, -4*t = -3*n - 1308. What is the units digit of t?
0
Let c = -456 + 706. What is the units digit of c?
0
Let z = 66 - 55. What is the tens digit of z?
1
Let r(v) = -54*v**3 - 4*v**2 + 2*v + 2. Let k be r(2). What is the tens digit of (-42)/(-105) - k*(-3)/(-10)?
3
Let q = 117 - 116. Let l = q + 17. What is the units digit of l?
8
Let q(g) = -17*g + 3. Let i = 6 - 1. Let o = i + -7. What is the units digit of q(o)?
7
Let p be (-15)/10 + (0 - (-42)/4). Let k(x) = 6*x - 35. What is the tens digit of k(p)?
1
Let g be (-16)/7 + 18/14 + -1. What is the units digit of (255 - 1)/((-10)/(-7 - g))?
7
Suppose 1 = -19*b + 20*b. Let c = 2 - b. What is the units digit of (c - -2)*(3 - -10)?
9
Let s(g) = 15*g - 154. What is the tens digit of s(21)?
6
Suppose -5*w - 174 = 3*k, -9*k = -4*k + 4*w + 290. Let x = k - -209. What is the units digit of x?
1
Let v(n) = 3*n**2 - 1. Let u be 4/5 + (-1)/(-5). Let o be v(u). Suppose 2*c - o*k - 30 = -3*c, -5*k - 12 = -2*c. What is the units digit of c?
6
Let m be (6745/30)/19 - 1/(-6). Let t be (15/(-4))/(2/(-16)). What is the tens digit of ((-164)/(-10))/(m/t)?
4
Suppose -2 = 2*h, 2*h = 5*k - 2297 + 120. Suppose 4*j = -5*c + k, -5*c = -4*j - 3*c + 442. What is the tens digit of j?
1
What is the units digit of ((-16)/10 + 2)/((-25)/(-7125))?
4
Suppose -6*h = -h + w + 47, 5*h + 4*w + 53 = 0. Let a(b) = b**2 - 2*b + 4 + 5*b + 6*b. What is the units digit of a(h)?
4
Let g be 280/32 + (-9)/12. What is the units digit of (-1475)/(-20) + (-6)/g?
3
Suppose 2*i - 10 = 0, 0 = -2*s + 2*i - 1 - 5. Let u(j) = 4 - 2*j - 4 + 13*j - j**s + 5. What is the units digit of u(9)?
3
Let i = -24 + 38. Let x = i - 13. What is the units digit of x?
1
Let v be (-2 - (-1 - 2))*70. Let r be ((-6)/4)/((-3)/v). What is the units digit of (-10)/r + (-256)/(-14)?
8
Suppose -570 = -2*k + a + 2*a, -5*k + 1418 = -4*a. What is the hundreds digit of k?
2
Suppose 4*x - 1967 = -267. What is the tens digit of x?
2
Let h(z) = -5 - 19 + 0*z - 22 + z**2 - 7*z. What is the tens digit of h(17)?
2
Let j = 375 + 88. What is the units digit of j?
3
Let y 